{"id":320,"date":"2024-04-27T05:57:34","date_gmt":"2024-04-27T05:57:34","guid":{"rendered":"https:\/\/inkoba.de\/?page_id=320"},"modified":"2024-05-10T05:37:19","modified_gmt":"2024-05-10T05:37:19","slug":"buch-ankuendigung","status":"publish","type":"page","link":"https:\/\/inkoba.de\/?page_id=320","title":{"rendered":"Ank\u00fcndigung"},"content":{"rendered":"\n<div style=\"height:57px\" aria-hidden=\"true\" class=\"wp-block-spacer\"><\/div>\n\n\n\n<figure class=\"wp-block-image aligncenter size-full\"><img loading=\"lazy\" decoding=\"async\" width=\"307\" height=\"199\" src=\"https:\/\/inkoba.de\/wp-content\/uploads\/2024\/05\/Logo-AgewWT.png\" alt=\"\" class=\"wp-image-343\" srcset=\"https:\/\/inkoba.de\/wp-content\/uploads\/2024\/05\/Logo-AgewWT.png 307w, https:\/\/inkoba.de\/wp-content\/uploads\/2024\/05\/Logo-AgewWT-300x194.png 300w\" sizes=\"auto, (max-width: 307px) 100vw, 307px\" \/><\/figure>\n\n\n\n<div style=\"height:57px\" aria-hidden=\"true\" class=\"wp-block-spacer\"><\/div>\n\n\n\n<h3 class=\"wp-block-heading\">Laufende Projekte der Schriftenreihe von INKOBA 24<\/h3>\n\n\n\n<p>(01) &#8230; Wissensgut und Denkwerkzeuge im Wandel &#8211; (Jetzt im Handel)<\/p>\n\n\n\n<p>(02) &#8230; Mit Obsidian Denkwerkzeuge gestalten<\/p>\n\n\n\n<p>(03) &#8230; Co-Learning im CL-Workshop ein Fallbeispiel<\/p>\n\n\n\n<div style=\"height:100px\" aria-hidden=\"true\" class=\"wp-block-spacer\"><\/div>\n\n\n\n<h2 class=\"wp-block-heading\">B\u00fccher im Handel INKOBA24-01<\/h2>\n\n\n\n<figure class=\"wp-block-image size-large is-resized\"><a href=\"https:\/\/www.amazon.de\/dp\/B0D3LSDJRT\/ref=sr_1_1?crid=169UTMKWADLN9&amp;dib=eyJ2IjoiMSJ9.HtQ5tZHrPYjq3QyBFdYoqNMzY3gONfyVw-AjtOF66ZZY_gML6GZa9HRzvA7651ufuG4d6g_8s-Jew5yeJScWoA.sh8QEHGte_pJo9UCHeBINgG-gVMeqporN04d8SXgBQc&amp;dib_tag=se&amp;keywords=boltin+reinhard&amp;qid=1715233300&amp;sprefix=%2Caps%2C91&amp;sr=8-1\" target=\"_blank\" rel=\"noreferrer noopener\"><img loading=\"lazy\" decoding=\"async\" width=\"1024\" height=\"223\" src=\"https:\/\/inkoba.de\/wp-content\/uploads\/2024\/05\/Kindel-Shop-1024x223.jpg\" alt=\"\" class=\"wp-image-328\" style=\"width:739px;height:auto\" srcset=\"https:\/\/inkoba.de\/wp-content\/uploads\/2024\/05\/Kindel-Shop-1024x223.jpg 1024w, https:\/\/inkoba.de\/wp-content\/uploads\/2024\/05\/Kindel-Shop-300x65.jpg 300w, https:\/\/inkoba.de\/wp-content\/uploads\/2024\/05\/Kindel-Shop-768x167.jpg 768w, https:\/\/inkoba.de\/wp-content\/uploads\/2024\/05\/Kindel-Shop.bmp 1269w\" sizes=\"auto, (max-width: 1024px) 100vw, 1024px\" \/><\/a><\/figure>\n\n\n\n<p>Dieses Buch ( <a href=\"https:\/\/amzn.eu\/d\/5mgZV4O\">https:\/\/amzn.eu\/d\/5mgZV4O<\/a> ) behandelt ein uraltes Thema der Menschheitsgeschichte, n\u00e4mlich pers\u00f6nlich und gemeinsam zu tragende Herausforderungen, die ma\u00dfgeblich von schnellen Ver\u00e4nderungen von Umst\u00e4nden in Umbruchzeiten ausgehen. Es pr\u00e4sentiert f\u00fcnf Fallbeispiele der Unternehmenspraxis, die aus verschiedenen Perspektiven die Bedeutung von Wissensgut und Denkwerkzeugen in Zeiten von Umbr\u00fcchen und Wandel verdeutlichen. Im Kern des Buches lesen Sie Grundlagen der INKOBA Methode und lernen die f\u00fcnf Bausteine f\u00fcr begleitete Wissenswertsch\u00f6pfung kennen.<br><br>In diesem Buch geht es um Denkwerkzeuge, mit denen sie aus ihrem Wissen das Beste herausholen k\u00f6nnen. Wir zeigen Ihnen, wie sie mit der INKOBA Methode aus ihrem Wissen &#8222;Wissensgut\u201e machen und wir zeigen Ihnen, wie das Wissen, dass jetzt noch bei Spezialisten vorhanden ist, f\u00fcr alle Mitglieder ihres Teams verf\u00fcgbar gemacht wird, damit alle<br>helfen k\u00f6nnen, das Beste daraus zu machen.<br><br>Dieses Buch entstand in einer Schreibwerkstatt vom INKOBA Systemhaus. Die genannten Autoren Brock, Boltin und Wiemers, ebenso wie die Mitwirkenden Bolsinger und Beyrodt, verbindet der Wunsch und das Bed\u00fcrfnis nach Klarheit in der Transformation. Sie arbeiten bereits heute an weiteren Werken dieser Schriftenreihe.<\/p>\n\n\n\n<div style=\"height:100px\" aria-hidden=\"true\" class=\"wp-block-spacer\"><\/div>\n\n\n\n<figure class=\"wp-block-image size-large\"><a href=\"https:\/\/www.amazon.de\/dp\/B0D3RB98NB\/ref=sr_1_1?__mk_de_DE=%C3%85M%C3%85%C5%BD%C3%95%C3%91&amp;crid=7Z37C9Y1MKV3&amp;dib=eyJ2IjoiMSJ9.tbOttiNpWqenzNYTRrdrYLgZ1FSsIWHalYuqJEv3IEYDcK3PoFuGvos76DvzyqATvHNUXUZtO_UJVYPyqQVmX1gaoIpZHBLPqVwnJzIGWP8.cqZcZEXuMUw2dzlaPfXxxXa-2z4dC0aAWO4eWygSp0E&amp;dib_tag=se&amp;keywords=Taschenbuch+Wissensgut+und+Denkwerkzeuge+im+Wandel&amp;qid=1715318541&amp;sprefix=taschenbuch+wissensgut+und+denkwerkzeuge+im+wandel%2Caps%2C99&amp;sr=8-1\" target=\"_blank\" rel=\"noreferrer noopener\"><img loading=\"lazy\" decoding=\"async\" width=\"1024\" height=\"239\" src=\"https:\/\/inkoba.de\/wp-content\/uploads\/2024\/05\/Taschenbuch-Shop-1024x239.jpg\" alt=\"\" class=\"wp-image-347\" srcset=\"https:\/\/inkoba.de\/wp-content\/uploads\/2024\/05\/Taschenbuch-Shop-1024x239.jpg 1024w, https:\/\/inkoba.de\/wp-content\/uploads\/2024\/05\/Taschenbuch-Shop-300x70.jpg 300w, https:\/\/inkoba.de\/wp-content\/uploads\/2024\/05\/Taschenbuch-Shop-768x179.jpg 768w, https:\/\/inkoba.de\/wp-content\/uploads\/2024\/05\/Taschenbuch-Shop-1536x358.jpg 1536w, https:\/\/inkoba.de\/wp-content\/uploads\/2024\/05\/Taschenbuch-Shop.bmp 1592w\" sizes=\"auto, (max-width: 1024px) 100vw, 1024px\" \/><\/a><\/figure>\n\n\n\n<p>Dieses Buch behandelt die Grundlagen der INKOBA Methode. Sie lernen die f\u00fcnf Bausteine f\u00fcr begleitete Wissenswertsch\u00f6pfung kennen, um die Voraussetzungen f\u00fcr eine Zertifizierung als INKOBA Berater zu erhalten.<br><br>In diesem Buch geht es u. a. um die historische Entwicklung von INKOBA, um Denkwerkzeuge, mit denen sie aus Wissen Wissensgut machen und das Beste herausholen k\u00f6nnen. Wissen, dass jetzt noch bei Spezialisten vorhanden ist, kann mit Hilfe der INKOBA Methode f\u00fcr alle Mitglieder ihres Teams verf\u00fcgbar gemacht werden, damit alle helfen k\u00f6nnen, das Beste daraus zu machen.<br><br><\/p>\n","protected":false},"excerpt":{"rendered":"<p>Laufende Projekte der Schriftenreihe von INKOBA 24 (01) &#8230; Wissensgut und Denkwerkzeuge im Wandel &#8211; (Jetzt im Handel) (02) &#8230; Mit Obsidian Denkwerkzeuge gestalten (03) &#8230; Co-Learning im CL-Workshop ein Fallbeispiel B\u00fccher im Handel INKOBA24-01 Dieses Buch ( https:\/\/amzn.eu\/d\/5mgZV4O ) behandelt ein uraltes Thema der Menschheitsgeschichte, n\u00e4mlich pers\u00f6nlich und gemeinsam zu tragende Herausforderungen, die ma\u00dfgeblich [&hellip;]<\/p>\n","protected":false},"author":1,"featured_media":0,"parent":0,"menu_order":0,"comment_status":"closed","ping_status":"closed","template":"","meta":{"footnotes":""},"class_list":["post-320","page","type-page","status-publish","hentry"],"_links":{"self":[{"href":"https:\/\/inkoba.de\/index.php?rest_route=\/wp\/v2\/pages\/320","targetHints":{"allow":["GET"]}}],"collection":[{"href":"https:\/\/inkoba.de\/index.php?rest_route=\/wp\/v2\/pages"}],"about":[{"href":"https:\/\/inkoba.de\/index.php?rest_route=\/wp\/v2\/types\/page"}],"author":[{"embeddable":true,"href":"https:\/\/inkoba.de\/index.php?rest_route=\/wp\/v2\/users\/1"}],"replies":[{"embeddable":true,"href":"https:\/\/inkoba.de\/index.php?rest_route=%2Fwp%2Fv2%2Fcomments&post=320"}],"version-history":[{"count":12,"href":"https:\/\/inkoba.de\/index.php?rest_route=\/wp\/v2\/pages\/320\/revisions"}],"predecessor-version":[{"id":348,"href":"https:\/\/inkoba.de\/index.php?rest_route=\/wp\/v2\/pages\/320\/revisions\/348"}],"wp:attachment":[{"href":"https:\/\/inkoba.de\/index.php?rest_route=%2Fwp%2Fv2%2Fmedia&parent=320"}],"curies":[{"name":"wp","href":"https:\/\/api.w.org\/{rel}","templated":true}]}}