{"id":158,"date":"2023-10-31T17:55:07","date_gmt":"2023-10-31T17:55:07","guid":{"rendered":"https:\/\/inkoba.de\/?page_id=158"},"modified":"2023-11-09T17:29:40","modified_gmt":"2023-11-09T17:29:40","slug":"lektion-6","status":"publish","type":"page","link":"https:\/\/inkoba.de\/?page_id=158","title":{"rendered":"Lektion 6 (Kopfarbeit)"},"content":{"rendered":"\n<div class=\"wp-block-group is-style-default has-border-color has-base-background-color has-background has-global-padding is-layout-constrained wp-container-core-group-is-layout-adb12296 wp-block-group-is-layout-constrained\" style=\"border-color:#e2e2ef;border-width:1px;border-radius:5px;padding-top:var(--wp--preset--spacing--large);padding-right:var(--wp--preset--spacing--large);padding-bottom:var(--wp--preset--spacing--large);padding-left:var(--wp--preset--spacing--large)\">\n<figure class=\"wp-block-image size-full wp-duotone-462cff-ece8ff-1\"><img decoding=\"async\" src=\"https:\/\/inkoba.de\/wp-content\/themes\/ollie\/patterns\/images\/computer-hands.webp\" alt=\"\" class=\"wp-image-43\"\/><\/figure>\n\n\n\n<div class=\"wp-block-group has-global-padding is-layout-constrained wp-block-group-is-layout-constrained\">\n<div class=\"wp-block-group has-global-padding is-layout-constrained wp-container-core-group-is-layout-f5f3bcb8 wp-block-group-is-layout-constrained\">\n<h4 class=\"wp-block-heading\">Notizen anwenden, verwerten<\/h4>\n\n\n\n<div style=\"height:52px\" aria-hidden=\"true\" class=\"wp-block-spacer\"><\/div>\n\n\n\n<p><strong>Was du als Kursteilnehmer mitbringen solltest<\/strong><\/p>\n\n\n\n<ul class=\"wp-block-list\">\n<li>Den Wunsch zu lernen, wie du mit deinem Wissensschatz f\u00fcr dich und andere Wissenswertsch\u00f6pfung erreichen kannst<\/li>\n\n\n\n<li>Den Wunsch zu lernen, welches Format veredelte Notizen besitzen m\u00fcssen, um sie erfolgreich wechselseitig zu teilen  <\/li>\n<\/ul>\n\n\n\n<hr class=\"wp-block-separator has-alpha-channel-opacity\"\/>\n\n\n\n<div style=\"height:72px\" aria-hidden=\"true\" class=\"wp-block-spacer\"><\/div>\n\n\n\n<p><strong>Was du zu dieser Lektion wissen solltest<\/strong><\/p>\n\n\n\n<ul class=\"wp-block-list\">\n<li>Notizen, die f\u00fcr den Wissenstransfer gedacht sind ben\u00f6tigen zu ihrer Wirksamkeit ein \u00fcberarbeitetes Design.<\/li>\n\n\n\n<li>Das Teilen von Notizen auf elektronischen Wegen sollte nicht ohne vorherige Abstimmung erfolgen, um die Wirksamkeit des Wissenstransfers nicht zu gef\u00e4hrden<\/li>\n<\/ul>\n\n\n\n<hr class=\"wp-block-separator has-alpha-channel-opacity\"\/>\n\n\n\n<div style=\"height:70px\" aria-hidden=\"true\" class=\"wp-block-spacer\"><\/div>\n\n\n\n<p><strong>Welche \u00dcbungen du machen solltest<\/strong><\/p>\n\n\n\n<ul class=\"wp-block-list\">\n<li>Die Beispiele aus der Anleitung reflektieren<\/li>\n\n\n\n<li>Die Sinnfelder des beabsichtigten Wissenstransfer ergr\u00fcnden<\/li>\n\n\n\n<li>Einen Werteabgleich im Team auf den Weg bringen<\/li>\n\n\n\n<li>Den Umgang mit Wissensh\u00e4ppchen \u00fcben, um f\u00fcr einen weiterf\u00fchrenden Wissenstransfer m\u00f6gliche Begehrlichkeiten und Befindlichkeiten rechtzeitig zu sp\u00fcren.<\/li>\n<\/ul>\n<\/div>\n\n\n\n<hr class=\"wp-block-separator has-alpha-channel-opacity\"\/>\n\n\n\n<div style=\"height:53px\" aria-hidden=\"true\" class=\"wp-block-spacer\"><\/div>\n\n\n\n<div class=\"wp-block-buttons is-content-justification-left is-layout-flex wp-container-core-buttons-is-layout-24a44033 wp-block-buttons-is-layout-flex\">\n<div class=\"wp-block-button has-custom-width wp-block-button__width-50 is-style-secondary-button is-style-secondary-button--2\"><a class=\"wp-block-button__link wp-element-button\">Zur Anleitung<\/a><\/div>\n\n\n\n<div class=\"wp-block-button has-custom-width wp-block-button__width-50 is-style-fill\"><a class=\"wp-block-button__link wp-element-button\">Zum Test<\/a><\/div>\n<\/div>\n<\/div>\n<\/div>\n","protected":false},"excerpt":{"rendered":"<p>Notizen anwenden, verwerten Was du als Kursteilnehmer mitbringen solltest Was du zu dieser Lektion wissen solltest Welche \u00dcbungen du machen solltest<\/p>\n","protected":false},"author":1,"featured_media":0,"parent":0,"menu_order":0,"comment_status":"closed","ping_status":"closed","template":"","meta":{"footnotes":""},"class_list":["post-158","page","type-page","status-publish","hentry"],"_links":{"self":[{"href":"https:\/\/inkoba.de\/index.php?rest_route=\/wp\/v2\/pages\/158","targetHints":{"allow":["GET"]}}],"collection":[{"href":"https:\/\/inkoba.de\/index.php?rest_route=\/wp\/v2\/pages"}],"about":[{"href":"https:\/\/inkoba.de\/index.php?rest_route=\/wp\/v2\/types\/page"}],"author":[{"embeddable":true,"href":"https:\/\/inkoba.de\/index.php?rest_route=\/wp\/v2\/users\/1"}],"replies":[{"embeddable":true,"href":"https:\/\/inkoba.de\/index.php?rest_route=%2Fwp%2Fv2%2Fcomments&post=158"}],"version-history":[{"count":4,"href":"https:\/\/inkoba.de\/index.php?rest_route=\/wp\/v2\/pages\/158\/revisions"}],"predecessor-version":[{"id":257,"href":"https:\/\/inkoba.de\/index.php?rest_route=\/wp\/v2\/pages\/158\/revisions\/257"}],"wp:attachment":[{"href":"https:\/\/inkoba.de\/index.php?rest_route=%2Fwp%2Fv2%2Fmedia&parent=158"}],"curies":[{"name":"wp","href":"https:\/\/api.w.org\/{rel}","templated":true}]}}