{"id":105,"date":"2023-10-31T06:19:17","date_gmt":"2023-10-31T06:19:17","guid":{"rendered":"https:\/\/inkoba.de\/?page_id=105"},"modified":"2023-10-31T06:55:37","modified_gmt":"2023-10-31T06:55:37","slug":"perspektive-2-team","status":"publish","type":"page","link":"https:\/\/inkoba.de\/?page_id=105","title":{"rendered":"Perspektive 2 &#8211; Team"},"content":{"rendered":"\n<p>Wie in unserem Marken-Konzept von der digitalen Teambildung beschrieben wurde, besteht die Quintessenz haupts\u00e4chlich in der gelebten Transformation der beiden Wertg\u00fcte-Perspektiven der Unternehmenskultur &#8211; dem ICH und dem WIR. <\/p>\n\n\n\n<p>In der Perspektive 2 &#8211; Team geht es zu 100% um den internen Wissenstransfer auf der Basis von digitalen Notizen. Dazu wird ausgew\u00e4hltes Wissensgut aus dem pers\u00f6nlichen Wissensschatz in geeignete Form gebracht und weitergegeben, ver\u00f6ffentlicht oder dem Team zur Verf\u00fcgung gestellt. <\/p>\n","protected":false},"excerpt":{"rendered":"<p>Wie in unserem Marken-Konzept von der digitalen Teambildung beschrieben wurde, besteht die Quintessenz haupts\u00e4chlich in der gelebten Transformation der beiden Wertg\u00fcte-Perspektiven der Unternehmenskultur &#8211; dem ICH und dem WIR. In der Perspektive 2 &#8211; Team geht es zu 100% um den internen Wissenstransfer auf der Basis von digitalen Notizen. Dazu wird ausgew\u00e4hltes Wissensgut aus dem [&hellip;]<\/p>\n","protected":false},"author":1,"featured_media":0,"parent":0,"menu_order":0,"comment_status":"closed","ping_status":"closed","template":"","meta":{"footnotes":""},"class_list":["post-105","page","type-page","status-publish","hentry"],"_links":{"self":[{"href":"https:\/\/inkoba.de\/index.php?rest_route=\/wp\/v2\/pages\/105","targetHints":{"allow":["GET"]}}],"collection":[{"href":"https:\/\/inkoba.de\/index.php?rest_route=\/wp\/v2\/pages"}],"about":[{"href":"https:\/\/inkoba.de\/index.php?rest_route=\/wp\/v2\/types\/page"}],"author":[{"embeddable":true,"href":"https:\/\/inkoba.de\/index.php?rest_route=\/wp\/v2\/users\/1"}],"replies":[{"embeddable":true,"href":"https:\/\/inkoba.de\/index.php?rest_route=%2Fwp%2Fv2%2Fcomments&post=105"}],"version-history":[{"count":3,"href":"https:\/\/inkoba.de\/index.php?rest_route=\/wp\/v2\/pages\/105\/revisions"}],"predecessor-version":[{"id":114,"href":"https:\/\/inkoba.de\/index.php?rest_route=\/wp\/v2\/pages\/105\/revisions\/114"}],"wp:attachment":[{"href":"https:\/\/inkoba.de\/index.php?rest_route=%2Fwp%2Fv2%2Fmedia&parent=105"}],"curies":[{"name":"wp","href":"https:\/\/api.w.org\/{rel}","templated":true}]}}